68) + 31 + 22 + 71.
64
What is -1 + -57 + (-2 - (31 + (-17 - (27 + -21))))?
-68
What is the value of 16 + 42 + -58 + 78?
78
Evaluate 5 - (-15 + -1 + 22) - -7.
6
What is -86 + 8 - (-41 + 35) - (-3 - 4)?
-65
7 + 28 + 54 - 47
42
Evaluate -25 + 6 + 5 + 14 + -18 + 71 + -5.
48
Calculate -31 + (36 - (-30 - -73)).
-38
What is the value of (124 - 151) + -7 + 7 + 6?
-21
What is the value of -2 + -53 - ((1 + -3 - -6) + -38 + 44)?
-65
What is the value of -52 - (-1429 + 1413 + (-20 - -1))?
-17
Calculate 27 + -20 + (-160 - -46).
-107
Evaluate (-2 - -1) + 25 + 18 + -59.
-17
117 - (-78 - (-101 - 23))
71
Evaluate -6 + -49 - (-13 - 3 - (160 - 170)).
-49
(43 - 0) + (-13 - 22) + -81 + 1
-72
What is the value of (-115 - -55) + 233 - 96?
77
What is the value of -1 + -24 + -29181 + 29185?
-21
Calculate -185 + 190 - (-4 + (72 - -7)).
-70
Calculate 7 + (12 - 8) + (-10 + -3 - -1).
-1
7 - -24 - (-426 + 463)
-6
Calculate 22 + (782 - 873) + 2 + 12 + 2.
-53
(14 + (15 - -1 - 50) - -10) + -5
-15
What is the value of 2 + 7 + 3 + (-175 - -138)?
-25
What is the value of -15 + -6 + 23 + -12 + 29?
19
-80 - (-70 + 139 - 139)
-10
What is 22 - (-3 + 44 + 24)?
-43
Evaluate (18 + -28 - -149 - 7 - 17) + -13.
102
Calculate 56 + (-19 - 14) + 69.
92
Evaluate 23 - (-57 - -71) - (66 + 1).
-58
What is the value of 25 + (1 - 15) + (29 - 2) + -4?
34
Evaluate (-21 - 1) + (-96 + 9 - -95).
-14
1 - 21 - (-62 - (-79 - -38))
1
What is the value of 7 - (-24 + -39 - 24 - (-1 + -11))?
82
What is (-19 - 44 - 26) + (8 - (-2 - -6)) + -3?
-88
-113 - (-32 - (-4 + (27 - 21)))
-79
What is -43 - 0 - (-426 - (79 - 452))?
10
What is the value of -21 - (-2 - (25 - (-8 - -21)))?
-7
What is the value of -31 + -145 + 83 + 12?
-81
What is 1 + -1 - (2293 - 2230)?
-63
What is (-21 - (48 - -14)) + 3 + -4 + 8?
-76
(-3 - 11) + 9 + (-62 - (-15 - -41))
-93
Evaluate -3 + -12 - (-12 + 15 + 110 + 10).
-138
What is the value of 1 - (1 - 10) - (75 - 304 - -230)?
9
Calculate -111 - (15 + -142) - (43 + 1).
-28
What is the value of 18 + 1 - (58 + 122 + -126)?
-35
Evaluate 82 - (-11 + 23 + 23 - 55).
102
Evaluate -16 - -48 - 50 - -24.
6
Evaluate 1 + 0 + (-2 - (6 - 14)) + -34.
-27
Calculate 9 - 32 - (15 + -13 - -12).
-37
What is the value of -24 + (147 + -137 - (-3 - (2 - 11)))?
-20
(28 - (-47 - -27)) + -8 + -115
-75
(-11 - -3) + -2 + 8 - -12 - 15
-5
What is the value of (10 - 14) + -32 + 19 + -16?
-33
What is -1 + (23 - 5) - -3 - -11?
31
What is the value of -2 - ((-8 - 18) + -23 + 11)?
36
(484 - 276) + -181 - (-62 - 0)
89
What is the value of -71 - (-354 + 337 + (0 + 5 - 2 - -4))?
-61
Evaluate (-65 - 9) + 122 - 14.
34
(77 - -11 - 122) + -51
-85
-28 + -14 + (-27 - -37) - -71
39
-71 - (-1 + 2) - (-683 + 674)
-63
-127 - -73 - 6 - (0 + -33)
-27
What is 16 - (-5 - (-1 + -16) - (-75 + 97))?
26
What is the value of 24 + -10 + (-32 - -11 - 32)?
-39
Evaluate -5 + -2 + (2 - (1 - 1)) - (-208 - -185).
18
What is -90 - (8 + -28 - 17 - -8)?
-61
What is -20 + 13 - -14 - (-1 - (9 - 51))?
-34
-7 + 3 + -92 + 16 - (-30 - (-43 + 18))
-75
Calculate 110 - 101 - ((-44 - (-3 + -2 - -1)) + 3).
46
What is the value of (10 - 19) + (0 - 5) + (-386 - -332)?
-68
What is -63 - -4 - -78 - -45?
64
Calculate 2 + 170 + -93 + -102.
-23
What is the value of (1 - -2) + -51 + -2 + -5 + 62 + -57?
-50
Calculate -61 + (127 - 3) + -101.
-38
What is the value of 45 - ((13 - 62) + 43)?
51
Calculate -10 + -23 + 30 + 13 + -1 + -37.
-28
(-1 - 0) + (-8 - (8 + -18))
1
Calculate 96 + -123 + 76 + -2.
47
10 + 57 + 3 + -2
68
Evaluate -6 - (-15 - 1 - 3) - -3 - (-61 + 70).
7
What is the value of 19 - ((968 - 856) + 1 + -28)?
-66
Evaluate -35 + (57 - 32) + -16.
-26
Evaluate (-29 - 9) + 19 + -5.
-24
Calculate 11 - (11 + 2 + -18 + -14 + 21 + 13).
-4
Evaluate (-11 - (13 - 11)) + (5 - -6 - 5) - -23.
16
What is 27 - (6 + 85 - (144 - 164))?
-84
What is (42 + -3 - 0) + 7165 + -7060?
144
What is the value of -9 + 27 + 29 + -2 + 31?
76
Evaluate (-67 + -13 + -8 - -21) + 20.
-47
What is (32 - 1) + 5022 + -5101?
-48
What is (-5 - (-2 - 14)) + (-21 - 2) - -40?
28
What is the value of -3 - 0 - (-47 + 43 - (1 + -3))?
-1
What is the value of -6 + 13 - 25 - ((-8 - 7) + 38)?
-41
Calculate 47 + 22 + -15 + (-10 - (-2 + 4)).
42
Evaluate (24 - ((-52 - -29) + 59) - (-1 + -12)) + -38.
-37
-24 + (17 - 12 - -6) + 8
-5
What is (7 - 73) + -879 + 833?
-112
-25 + (0 - -4) + (-57 - -70) - -40
32
Calculate 0 + 1 - (272 - 92 - 176).
-3
What is -30 + (10 - ((21 - (-2 + 15)) + 10))?
-38
-40 + -14 + 122 + -40
28
Evaluate 2 + 66 + -24 + (-199 - -191).
36
What is (31 - (-16 - -48 - -112)) + 31?
-82
Evaluate -26 + 0 + 0 + (5 - (27 - 14)) + -7.
-41
Evaluate -5 + (121 + -41 - (-1 + -4 + 5 + 2)).
73
What is the value of -3 - (38 + -31) - -39?
29
Evaluate -44 - (17 - (10 + 11 + 6 + -16)).
-50
Calculate 20 - (-23 + 55 + (18 - -2)).
-32
Evaluate (3 - (-54 + 99)) + -26.
-68
Calculate 284 + -291 + 0 + -1 + 3.
-5
What is the value of -1 + (29 - 0) + (-4 - -44) + -52 + 0?
16
Calculate (8 - -4) + -2 + 1 + 28 + (-28 - 0).
11
Calculate -27 + 100 - 257 - -113.
-71
What is the value of 46 - (-15 - -10 - (5 - (36 - 6)))?
26
Calculate (4 - -4) + -55 + -4 + (-16 - -20) + -2.
-49
(1 - 5 - (134 - 50)) + -16
-104
What is the value of 50 - (70 + (-40 - -10))?
10
Evaluate (-9 - -14 - 19) + (-6 - -2).
-18
(24 + -11 + -12 - 14) + 22
9
Evaluate 61 - ((1 - 20) + -2 + -214 + 225).
71
What is (-15 - -97 - 10) + -43?
29
What is 0 + 2 + (-174 - -191) + -62 + 2?
-41
What is -60 + -72 + (-4 - (-4 - 5)) - (-2 + -8)?
-117
What is -1 + 57 + (1939 - 1968)?
27
Evaluate 1 + 11 + -2 + 16 + 11 + -29.
8
What is the value of (-89 - -87 - (30 - 6)) + 9?
-17
Evaluate -2 + (-12 - 4) - ((4 - -5) + 6).
-33
What is the value of -2 + -2 + -3 + 4 - -35?
32
-12 - (46 + 55 + -113)
0
Evaluate -37 - ((3 - 2 - 3 - 4) + (-373 - -371)).
-29
Evaluate -43 - -46 - (0 - (-14 + -1 - -1)).
-11
What is the value of -11 + (-8 + 4 - 1) + (55 - 60)?
-21
4 + (-24 - (-14 - -2)) - (-11 - 2) - -39
44
Evaluate 0 + -8 - (240 + -272).
24
17 + 14 + -41 + 20 - 8
2
-14 - (4 + (-1 + 11 - (44 - 1)))
15
Evaluate 65 - (54 + -69 - (-14 - -8 - 16)).
58
Calculate -21 + (14 - (36 + -17 + -4)).
-22
Evaluate 16 + 37 + 435 + -431.
57
What is -10 - (-24 - (2 - 8 - (-11 + (2 - 1))))?
18
Calculate -12 + -4 + 12 + (10 + -10 + -3 - -26).
19
Calculate (9 - (52 + -43)) + 42.
42
What is the value of -7 - -3 - 16 - ((-81 - -44) + -18)?
35
4 + (-1 + 35 - (-48 + 32))
54
What is the value of -4 - -3 - -12 - (93 + (-173 - -34))?
57
What is the value of (28 - -52) + -92 + -2 + 8?
-6
Calculate -5 + -37 + (-7 - (-10 + (-27 - -41))).
-53
Calculate 1 + (13 - (-16 + 30)) + (-6 - -8 - 1).
1
-103 - -162 - (100 - 18)
-23
What is the value of 25 + (-10 - -1 - (-25 + 19)) + 7?
29
5 - (37 - 7 - (30 + -15)) - -11
1
Calculate (-2748 - -2737) + -4 + -63.
-78
17 - (0 - -9 - -40)
-32
14 + 7 + -11 + 10 + (-32 - -19)
7
Evaluate -49 + (30 + -18 - -4) + (-1 - -8).
-26
Evaluate -1281 + 1199 - (-4 - 87).
9
Calculate -58 + (-73 - -19) - -105.
-7
Calculate -11 + (14 - 0) + (11 - 15) - 38.
-39
What is the value of 18 + -3 + -1 + 0 - (33095 - 33101)?
20
(3 - 0) + (7 - 34 - -9 - 22)
-37
Calculate 4 - (43 - 16) - (64 - 4).
-83
43 - (-33 + (26 - -7) - 31)
74
Calculate (18 + (-1 - 9) - -53) + (-22 + 20 - 3).
56
(-117 - -123 - (-2 + -3 + 3 + -2)) + -85
-75
Evaluate (-26 - -2) + -73 + 14 + 58.
-25
What is the value of 89 + (-10 + -2 - (-20 - -5 - -10)) + -1?
81
-19 + ((54 - 26) + -15 - -83)
77
Evaluate (-7 - -8 - (4 - -2)) + 149 + -191.
-47
Evaluate 2 + -3 + (7 - (-44 - -48)).
2
Evaluate 67 + (-1 - 2 - -5) + 0 + (-14 - -22).
77
Calculate -16 + 1 + (-2 + -10 - (-385 - -345)).
13
Calculate -4 - (-36 - (-10 + 5) - (1 - 0)).
28
Calculate (67 - -27) + -51 + -51.
-8
What is (17 - 9) + (-22 - -2) + 6 + 8 + -30?
-28
Evaluate -74 - (-37 + 1 + -19).
-19
What is the value of 60 + (-39 - -12) + -36?
-3
What is the value of -26 + -10 + 46 + -17 + -47?
-54
What is the value of (153 - 91) + -19 + -65?
-22
What is (-4 - 0 - 63) + (-18 + 3 - -27)?
-55
-6 + (5 - 11) + 19 + 7 + (44 - -22)
80
(-7 - ((-270 - -256) + (-2 - (-13 + 1)))) + 54
51
(-14 - -139) + 3 + -26 + -30
72
What is the value of (46 - -12) + -49 - 66?
-57
Calculate 3 - 25 - (1 - -11 - (295 + -129)).
132
Evaluate -329 + 69 + 42 + 121.
-97
What is -4 - (-26 + (-15 + -6 - -80))?
-37
Evaluate -100 + -6 + (204 - 